e -3*b - 2*j - 2*j + 28 = 0, -4*j + 16 = 0. Suppose 126 = b*l - 2. What is the tens digit of l?
3
Suppose 5*q + 3*k - 35 = 0, k = -5*q + 37 - 12. Suppose q*m - 88 = -4*b, 3 = 3*m - 9. What is the units digit of b?
8
Let t(d) = -17*d + 3. Suppose r - 2 = -q + 3*r, -4*q - 19 = r. What is the tens digit of t(q)?
7
Suppose 42*m + 22788 = 54*m. What is the units digit of m?
9
Let y(q) = 2*q**3 + 1. Let k be y(-1). Let z(n) = -58*n. Let b be z(k). Let m = b - 31. What is the tens digit of m?
2
Suppose -4*x - 31 = -l, 3*l = 2*l - 2*x + 13. Suppose 5*c + l = -11. What is the units digit of (-4 + (-21)/c)*-6?
3
Suppose -19*t - 712 = -20*t. Suppose -t - 856 = -8*b. What is the hundreds digit of b?
1
Let u = -605 - -359. Let f(j) = -j**3 - 4*j**2 + 5*j - 2. Let a be f(-4). What is the units digit of u/a + 2/(-11)?
1
Let m(y) = 5*y**3 + 7*y**2 - 29*y + 264. What is the thousands digit of m(10)?
5
Let b = 336 + -229. What is the units digit of b?
7
Suppose 8*m = -m + 8793. What is the tens digit of m?
7
Let s(o) = -2 + 1 - 8 - 43*o + 5. What is the tens digit of s(-2)?
8
Let n(j) = j**3 + 11*j**2 - 24*j + 28. Let s be n(-13). Let p = 144 - 90. Suppose 156 = s*g + p. What is the units digit of g?
1
Let t = 11 - 5. Suppose -t*a = -168 - 132. What is the units digit of a?
0
Let l = -36 + 36. Suppose 4*b - 6 - 158 = l. What is the tens digit of b?
4
Let q(z) = -3*z**3 + 13*z**2 + 14*z + 5. Let u(s) = -2*s**3 + 12*s**2 + 13*s + 6. Let h(m) = -3*q(m) + 4*u(m). What is the tens digit of h(-4)?
4
Let f = -2059 - -7028. What is the units digit of f?
9
Suppose -i - 1207 = -5*n, 6*n + 2*i = 7*n - 245. What is the units digit of n?
1
Let u = 1220 - 996. What is the hundreds digit of u?
2
Let v = 51 - -209. What is the tens digit of v?
6
Suppose 5*b + 5*n - 32 - 1413 = 0, 0 = -n - 5. What is the tens digit of b?
9
Let i = -1 + 1. Suppose p + 2*p - 6 = i. Suppose 6*z - 93 = p*z - 5*s, -4*z - s = -89. What is the units digit of z?
2
Let b(s) be the second derivative of s**5/20 + 5*s**4/4 - 17*s**3/6 + 9*s**2 + 5*s - 1. Suppose 0 = t + t + 32. What is the tens digit of b(t)?
3
Let i(b) = -b**2 - 8*b - 16. Let d be i(-6). Let l = d - -4. Suppose -5*n + 5*c = 3*c - 51, 2*c - 4 = l. What is the tens digit of n?
1
Suppose -n = -74 - 17. Suppose 3*l - n = 92. What is the units digit of l?
1
Let v = 181 - -351. What is the hundreds digit of v?
5
Suppose 6*q + 8*q - 2996 = 0. Let n = q - 54. What is the hundreds digit of n?
1
Let w(q) = -q**2 + 3. Let h be w(3). Suppose -27 + 61 = 2*b. Let o = b - h. What is the units digit of o?
3
Suppose 3*f = -3*p - 12, -2 = 3*p - 2*f + 5. Let c = p + -9. Let n = 27 + c. What is the tens digit of n?
1
Let i = -5 - -8. Let o = -93 - -95. Suppose i*j = 107 - o. What is the tens digit of j?
3
Suppose 20 + 343 = 3*v. What is the tens digit of v?
2
Let s = -42 + 168. Suppose 6*d = s + 96. What is the units digit of d?
7
Let v(o) = 2*o**2 - 5*o - 163. What is the tens digit of v(22)?
9
Suppose 0 = -2*c + 4*c - 6. Suppose -5*r + c*q + 108 = 0, 20 = -0*r + r + q. What is the units digit of r?
1
Let t(l) be the first derivative of l**3/3 - l**2/2 + 3*l + 1. Let j be t(-3). Let i = j - -14. What is the units digit of i?
9
Suppose 0 = -2*y + 682 - 120. What is the hundreds digit of y?
2
Suppose f + 2 = 67. Let j be 24*4/(24/9). Let p = f - j. What is the units digit of p?
9
Let q = 21 + -75. Let u = 17 - q. What is the units digit of u?
1
Suppose -4*c = 3 - 15. Suppose 4*w = -2*b + 2, -c*b + 5 = 2*b + w. What is the units digit of b?
1
Let g = -12 - -19. Let k = 7 - g. What is the tens digit of 3*((-93)/(-9) + k)?
3
Let z = -838 + 1542. What is the hundreds digit of z?
7
Let i = 86 + -86. Suppose q + 0 = -3*t + 2, -q + 3*t = -8. Suppose i*c = -q*c + 105. What is the units digit of c?
1
Let o(z) = 125*z - 280. What is the units digit of o(10)?
0
Let p(x) = 10*x**2 + 10*x + 5. Let k be p(-6). Suppose -11 = -4*r + k. What is the units digit of r?
9
What is the thousands digit of (-13200)/(-7) - (156/42 - 4)?
1
Suppose -j = 5*c - 24, 3*j = c + 2*c - 18. Suppose c*q - 894 = 81. What is the hundreds digit of q?
1
What is the units digit of (-3)/9 - (10 - (-93203)/(-33))?
4
What is the tens digit of 25 + -1 - (-2 + 3)?
2
What is the units digit of 4/(80/9148) - 6/15?
7
Let y(h) = 8*h - 3 + 7 - 20*h + 11*h. Suppose 3*g = -4 + 13. What is the units digit of y(g)?
1
Let s(n) = -n**3 - 5*n**2 - 3*n - 17. Let p = 31 + -37. What is the tens digit of s(p)?
3
Let h = 2 + 5. Suppose -4*g - 4*c + 8 = 0, -2*c = 3*g - 0 - h. Suppose -g*l + l + 12 = 0. What is the units digit of l?
6
Let q be (0 - 3)/((-4)/28). Let w = q - 9. Suppose -4 = w*t - 16*t. What is the units digit of t?
1
Suppose -9*s - 11893 + 43582 = 0. What is the units digit of s?
1
Let z = 6352 + -1460. What is the hundreds digit of z?
8
Let g be ((-3)/(-6) + 1)*2. Let v(q) = 19*q**2 + 6*q - 7. What is the hundreds digit of v(g)?
1
Let z be -46*(-1 + -3 - 2). Suppose -4*f + 3*c = -369, 3*f - 2*c - z = -0*f. What is the tens digit of f?
9
Let a(w) = w**3 - 14*w**2 - 13*w + 9. Let z be a(15). Suppose 0 = -y + 12 + z. What is the units digit of y?
1
Let b be (8/10)/((-4)/170). Let y be 4/(((-30)/(-20))/((-21)/(-1))). Let i = y + b. What is the units digit of i?
2
Let y(z) = -19*z**3 - 5*z**2 - 20*z - 44. What is the tens digit of y(-5)?
0
Let u = 665 - 389. Suppose 6*z = u + 180. What is the tens digit of z?
7
What is the tens digit of -1*(0 + 2) + (-668)/(-4)?
6
Let o = 0 + 1. Let t be -2 - (-4)/(-2) - o. Let m(f) = -12*f - 13. What is the tens digit of m(t)?
4
Suppose 5*p - 5*i + 630 = -335, 4*i + 956 = -5*p. Let j be ((-18)/(-24))/((-2)/p). Suppose j = y - x, 3*y = -2*x + 3*x + 210. What is the units digit of y?
9
Let d be ((-3)/6 + 0)*-388. Suppose 0*z + 290 = 5*z + 5*v, v = 3*z - d. What is the units digit of z?
3
Let j(t) = -16*t**3 + 9*t**2 + 5*t + 9. What is the thousands digit of j(-4)?
1
Suppose -302 = -5*m - 112. Let q = -37 + m. Let n = 18 + q. What is the tens digit of n?
1
Suppose -19*d + 5695 = -1677. What is the hundreds digit of d?
3
Suppose 4*h - 290 = -5*u, -7*h - 5*u = -11*h + 270. What is the units digit of h?
0
Let z = -406 - -2047. What is the units digit of z?
1
Let t = 3866 - -178. What is the thousands digit of t?
4
Suppose 4*a + 18 = 2, -42 = 5*o + 3*a. Suppose 4*f = -2*w - 31 + 3, 0 = -2*f - 10. What is the units digit of w/o*(-45)/(-5)?
6
Let q = 1492 - 1026. What is the tens digit of q?
6
Suppose -102 = -3*h - 3*h. Let v be (62/3)/(h/(-51)). Let w = 89 + v. What is the units digit of w?
7
Let k = -54 - -66. Suppose -7*l + k*l = 185. What is the tens digit of l?
3
Suppose m - 19*m = -39438. What is the thousands digit of m?
2
Suppose -349 = -3*m - 4*j, 9*j - 350 = -3*m + 4*j. Suppose m = -2*z - 203. Let w = 222 + z. What is the units digit of w?
3
Suppose 18*d + 70 + 20 = 0. What is the hundreds digit of d + (-12)/8*-130?
1
Let c(k) = -94*k + 8. Let l be c(-4). Suppose 0 = 2*o - b - 4*b - l, 5*b - 995 = -5*o. What is the tens digit of o?
9
Let w(p) = p**3 + 7*p**2 - 2*p + 3. Let y be w(-7). Suppose -4*f + y = -3*b + 121, -3*b - f = -109. What is the units digit of b?
6
Let u = 72 + -45. Let z = 13 - 9. Suppose -n - u = -z*n. What is the units digit of n?
9
Suppose 4*r + r - 2*m = 2485, -4*r + 4*m + 1976 = 0. What is the units digit of r?
9
Let s be (2 + -2)*(-2)/4. Let n = -21 - -25. Suppose 0 = -4*h + n*y + 8, s = 4*h - h - 2*y - 8. What is the units digit of h?
4
Let y(l) = l**3 + 14*l**2 - 11*l - 13. What is the tens digit of y(-12)?
0
Let g(i) = i**3 - 4*i**2 - 34*i + 31. What is the hundreds digit of g(14)?
5
Suppose 59 = 7*r - 39. Let q = -1 + r. What is the tens digit of q?
1
Let t = -7 + 13. Suppose -8 = t*y - 10*y. Suppose y*l + 29 + 17 = 4*s, -4*s + l = -41. What is the units digit of s?
9
Let k = -716 + 791. What is the units digit of k?
5
Let v(y) = -y**3 + 4*y**2 + 5*y + 3. Let c be v(5). Suppose c*q = -13 + 22. Suppose q*t = -t + 8. What is the units digit of t?
2
Suppose 34*o = 35*o - 2276. What is the hundreds digit of o?
2
Let l = 340 + -126. What is the units digit of l?
4
Let x(y) = 2*y + 8. Let l be (-2)/(1*(-3)/12). Let z be x(l). Suppose 0*n = 2*n - z. What is the units digit of n?
2
Suppose 0 = 6*w - 1461 - 969. Suppose -b - 4*m + 99 = 0, w = 5*b + 5*m - 